

{"id":56267,"date":"2021-02-02T18:09:10","date_gmt":"2021-02-02T17:09:10","guid":{"rendered":"https:\/\/teslafm.net\/?page_id=56267"},"modified":"2021-02-05T17:32:27","modified_gmt":"2021-02-05T16:32:27","slug":"maracalab-2","status":"publish","type":"page","link":"https:\/\/teslafm.net\/en\/maracalab-2\/","title":{"rendered":"MaracaLab #2"},"content":{"rendered":"<h2><span style=\"color: #ffffff;\"><strong>MaracaLab #2<\/strong><\/span><\/h2>\n<p><span style=\"color: #808080;\"><em>February 2021<\/em><\/span><\/p>\n<p><iframe src=\"https:\/\/www.mixcloud.com\/widget\/iframe\/?hide_cover=1&amp;feed=%2FTeslafm_net%2Fmaracalab-2-frud%C3%A1-merino-pou%2F\" width=\"100%\" height=\"120\" frameborder=\"0\"><\/iframe><\/p>\n<p><span style=\"color: #808080;\">Colze a Colze, Jornades de suport a la m\u00fasica en viu (Support days for live music)<\/span><\/p>\n<p><span style=\"color: #808080;\">What does a music festival that has been cancelled sound like? What goes through a musician's head when he or she cannot play? How does the cancellation of an event affect the organizer? What are we left with when we lose these social, cultural and community spaces, these possibilities for collective catharsis? <strong>Colze to Colze<\/strong> is a festival organized by the cooperative <strong>Quesoni<\/strong> which allows Km0 musicians to play and earn income in a disastrous year. It was to replace, with a more concentrated format, the already cancelled Say it Loud. But the Colze a Colze could not be celebrated either...<\/span><\/p>\n<p><span style=\"color: #808080;\">With the participation in this second episode of: Emma Gin\u00e9 and Pablo Tudela (Quesoni), Rodrigo Lavi\u00f1a, Queralt Lahoz, Miguelito Superstar, Adriano Galante, Marcel-l\u00ed Bayer, Hylin Bruno, Txell Neddermann, Pablo Schwarzmann, Pau Vidal, Gen\u00eds Bou and the audience that could NOT attend (Gemma, Agust\u00edn and Joana).\u00a0<\/span><\/p>","protected":false},"excerpt":{"rendered":"<p>MaracaLab #2 Febrero 2021 Colze a Colze, Jornades de suport a la m\u00fasica en viu \u00bfC\u00f3mo suena un festival musical que se ha cancelado? \u00bfQu\u00e9 le pasa por la cabeza a un m\u00fasico cuando no puede tocar? \u00bfC\u00f3mo afecta la cancelaci\u00f3n de un evento a quien lo organiza? \u00bfQu\u00e9 nos queda cuando perdemos estos espacios [&hellip;]<\/p>\n","protected":false},"author":19,"featured_media":0,"parent":0,"menu_order":0,"comment_status":"closed","ping_status":"closed","template":"","meta":{"footnotes":""},"class_list":["post-56267","page","type-page","status-publish","hentry"],"yoast_head":"<!-- This site is optimized with the Yoast SEO plugin v27.4 - https:\/\/yoast.com\/product\/yoast-seo-wordpress\/ -->\n<title>MaracaLab #2 -<\/title>\n<meta name=\"robots\" content=\"index, follow, max-snippet:-1, max-image-preview:large, max-video-preview:-1\" \/>\n<link rel=\"canonical\" href=\"https:\/\/teslafm.net\/en\/maracalab-2\/\" \/>\n<meta property=\"og:locale\" content=\"en_US\" \/>\n<meta property=\"og:type\" content=\"article\" \/>\n<meta property=\"og:title\" content=\"MaracaLab #2 -\" \/>\n<meta property=\"og:description\" content=\"MaracaLab #2 Febrero 2021 Colze a Colze, Jornades de suport a la m\u00fasica en viu \u00bfC\u00f3mo suena un festival musical que se ha cancelado? \u00bfQu\u00e9 le pasa por la cabeza a un m\u00fasico cuando no puede tocar? \u00bfC\u00f3mo afecta la cancelaci\u00f3n de un evento a quien lo organiza? \u00bfQu\u00e9 nos queda cuando perdemos estos espacios [&hellip;]\" \/>\n<meta property=\"og:url\" content=\"https:\/\/teslafm.net\/en\/maracalab-2\/\" \/>\n<meta property=\"article:publisher\" content=\"https:\/\/www.facebook.com\/teslafm.net\" \/>\n<meta property=\"article:modified_time\" content=\"2021-02-05T16:32:27+00:00\" \/>\n<meta property=\"og:image\" content=\"https:\/\/teslafm.net\/wp-content\/uploads\/2022\/09\/header-image-4-temp.png\" \/>\n\t<meta property=\"og:image:width\" content=\"1274\" \/>\n\t<meta property=\"og:image:height\" content=\"818\" \/>\n\t<meta property=\"og:image:type\" content=\"image\/png\" \/>\n<meta name=\"twitter:card\" content=\"summary_large_image\" \/>\n<meta name=\"twitter:site\" content=\"@teslafm\" \/>\n<meta name=\"twitter:label1\" content=\"Est. reading time\" \/>\n\t<meta name=\"twitter:data1\" content=\"1 minute\" \/>\n<script type=\"application\/ld+json\" class=\"yoast-schema-graph\">{\"@context\":\"https:\\\/\\\/schema.org\",\"@graph\":[{\"@type\":\"WebPage\",\"@id\":\"https:\\\/\\\/teslafm.net\\\/en\\\/maracalab-2\\\/\",\"url\":\"https:\\\/\\\/teslafm.net\\\/en\\\/maracalab-2\\\/\",\"name\":\"MaracaLab #2 -\",\"isPartOf\":{\"@id\":\"https:\\\/\\\/teslafm.net\\\/#website\"},\"datePublished\":\"2021-02-02T17:09:10+00:00\",\"dateModified\":\"2021-02-05T16:32:27+00:00\",\"breadcrumb\":{\"@id\":\"https:\\\/\\\/teslafm.net\\\/en\\\/maracalab-2\\\/#breadcrumb\"},\"inLanguage\":\"en-US\",\"potentialAction\":[{\"@type\":\"ReadAction\",\"target\":[\"https:\\\/\\\/teslafm.net\\\/en\\\/maracalab-2\\\/\"]}]},{\"@type\":\"BreadcrumbList\",\"@id\":\"https:\\\/\\\/teslafm.net\\\/en\\\/maracalab-2\\\/#breadcrumb\",\"itemListElement\":[{\"@type\":\"ListItem\",\"position\":1,\"name\":\"Portada\",\"item\":\"https:\\\/\\\/teslafm.net\\\/\"},{\"@type\":\"ListItem\",\"position\":2,\"name\":\"MaracaLab #2\"}]},{\"@type\":\"WebSite\",\"@id\":\"https:\\\/\\\/teslafm.net\\\/#website\",\"url\":\"https:\\\/\\\/teslafm.net\\\/\",\"name\":\"TeslaFM\",\"description\":\"An experimental and creative radio\",\"publisher\":{\"@id\":\"https:\\\/\\\/teslafm.net\\\/#organization\"},\"potentialAction\":[{\"@type\":\"SearchAction\",\"target\":{\"@type\":\"EntryPoint\",\"urlTemplate\":\"https:\\\/\\\/teslafm.net\\\/?s={search_term_string}\"},\"query-input\":{\"@type\":\"PropertyValueSpecification\",\"valueRequired\":true,\"valueName\":\"search_term_string\"}}],\"inLanguage\":\"en-US\"},{\"@type\":\"Organization\",\"@id\":\"https:\\\/\\\/teslafm.net\\\/#organization\",\"name\":\"TeslaFM\",\"url\":\"https:\\\/\\\/teslafm.net\\\/\",\"logo\":{\"@type\":\"ImageObject\",\"inLanguage\":\"en-US\",\"@id\":\"https:\\\/\\\/teslafm.net\\\/#\\\/schema\\\/logo\\\/image\\\/\",\"url\":\"https:\\\/\\\/teslafm.net\\\/wp-content\\\/uploads\\\/2020\\\/06\\\/logo-tesla.png\",\"contentUrl\":\"https:\\\/\\\/teslafm.net\\\/wp-content\\\/uploads\\\/2020\\\/06\\\/logo-tesla.png\",\"width\":512,\"height\":512,\"caption\":\"TeslaFM\"},\"image\":{\"@id\":\"https:\\\/\\\/teslafm.net\\\/#\\\/schema\\\/logo\\\/image\\\/\"},\"sameAs\":[\"https:\\\/\\\/www.facebook.com\\\/teslafm.net\",\"https:\\\/\\\/x.com\\\/teslafm\"]}]}<\/script>\n<!-- \/ Yoast SEO plugin. -->","yoast_head_json":{"title":"MaracaLab #2 -","robots":{"index":"index","follow":"follow","max-snippet":"max-snippet:-1","max-image-preview":"max-image-preview:large","max-video-preview":"max-video-preview:-1"},"canonical":"https:\/\/teslafm.net\/en\/maracalab-2\/","og_locale":"en_US","og_type":"article","og_title":"MaracaLab #2 -","og_description":"MaracaLab #2 Febrero 2021 Colze a Colze, Jornades de suport a la m\u00fasica en viu \u00bfC\u00f3mo suena un festival musical que se ha cancelado? \u00bfQu\u00e9 le pasa por la cabeza a un m\u00fasico cuando no puede tocar? \u00bfC\u00f3mo afecta la cancelaci\u00f3n de un evento a quien lo organiza? \u00bfQu\u00e9 nos queda cuando perdemos estos espacios [&hellip;]","og_url":"https:\/\/teslafm.net\/en\/maracalab-2\/","article_publisher":"https:\/\/www.facebook.com\/teslafm.net","article_modified_time":"2021-02-05T16:32:27+00:00","og_image":[{"width":1274,"height":818,"url":"https:\/\/teslafm.net\/wp-content\/uploads\/2022\/09\/header-image-4-temp.png","type":"image\/png"}],"twitter_card":"summary_large_image","twitter_site":"@teslafm","twitter_misc":{"Est. reading time":"1 minute"},"schema":{"@context":"https:\/\/schema.org","@graph":[{"@type":"WebPage","@id":"https:\/\/teslafm.net\/en\/maracalab-2\/","url":"https:\/\/teslafm.net\/en\/maracalab-2\/","name":"MaracaLab #2 -","isPartOf":{"@id":"https:\/\/teslafm.net\/#website"},"datePublished":"2021-02-02T17:09:10+00:00","dateModified":"2021-02-05T16:32:27+00:00","breadcrumb":{"@id":"https:\/\/teslafm.net\/en\/maracalab-2\/#breadcrumb"},"inLanguage":"en-US","potentialAction":[{"@type":"ReadAction","target":["https:\/\/teslafm.net\/en\/maracalab-2\/"]}]},{"@type":"BreadcrumbList","@id":"https:\/\/teslafm.net\/en\/maracalab-2\/#breadcrumb","itemListElement":[{"@type":"ListItem","position":1,"name":"Portada","item":"https:\/\/teslafm.net\/"},{"@type":"ListItem","position":2,"name":"MaracaLab #2"}]},{"@type":"WebSite","@id":"https:\/\/teslafm.net\/#website","url":"https:\/\/teslafm.net\/","name":"TeslaFM","description":"An experimental and creative radio","publisher":{"@id":"https:\/\/teslafm.net\/#organization"},"potentialAction":[{"@type":"SearchAction","target":{"@type":"EntryPoint","urlTemplate":"https:\/\/teslafm.net\/?s={search_term_string}"},"query-input":{"@type":"PropertyValueSpecification","valueRequired":true,"valueName":"search_term_string"}}],"inLanguage":"en-US"},{"@type":"Organization","@id":"https:\/\/teslafm.net\/#organization","name":"TeslaFM","url":"https:\/\/teslafm.net\/","logo":{"@type":"ImageObject","inLanguage":"en-US","@id":"https:\/\/teslafm.net\/#\/schema\/logo\/image\/","url":"https:\/\/teslafm.net\/wp-content\/uploads\/2020\/06\/logo-tesla.png","contentUrl":"https:\/\/teslafm.net\/wp-content\/uploads\/2020\/06\/logo-tesla.png","width":512,"height":512,"caption":"TeslaFM"},"image":{"@id":"https:\/\/teslafm.net\/#\/schema\/logo\/image\/"},"sameAs":["https:\/\/www.facebook.com\/teslafm.net","https:\/\/x.com\/teslafm"]}]}},"rttpg_featured_image_url":null,"rttpg_author":{"display_name":"Ishak","author_link":"https:\/\/teslafm.net\/en\/author\/cravan\/"},"rttpg_comment":0,"rttpg_category":null,"rttpg_excerpt":"MaracaLab #2 Febrero 2021 Colze a Colze, Jornades de suport a la m\u00fasica en viu \u00bfC\u00f3mo suena un festival musical que se ha cancelado? \u00bfQu\u00e9 le pasa por la cabeza a un m\u00fasico cuando no puede tocar? \u00bfC\u00f3mo afecta la cancelaci\u00f3n de un evento a quien lo organiza? \u00bfQu\u00e9 nos queda cuando perdemos estos espacios&hellip;","_links":{"self":[{"href":"https:\/\/teslafm.net\/en\/wp-json\/wp\/v2\/pages\/56267","targetHints":{"allow":["GET"]}}],"collection":[{"href":"https:\/\/teslafm.net\/en\/wp-json\/wp\/v2\/pages"}],"about":[{"href":"https:\/\/teslafm.net\/en\/wp-json\/wp\/v2\/types\/page"}],"author":[{"embeddable":true,"href":"https:\/\/teslafm.net\/en\/wp-json\/wp\/v2\/users\/19"}],"replies":[{"embeddable":true,"href":"https:\/\/teslafm.net\/en\/wp-json\/wp\/v2\/comments?post=56267"}],"version-history":[{"count":3,"href":"https:\/\/teslafm.net\/en\/wp-json\/wp\/v2\/pages\/56267\/revisions"}],"predecessor-version":[{"id":56850,"href":"https:\/\/teslafm.net\/en\/wp-json\/wp\/v2\/pages\/56267\/revisions\/56850"}],"wp:attachment":[{"href":"https:\/\/teslafm.net\/en\/wp-json\/wp\/v2\/media?parent=56267"}],"curies":[{"name":"wp","href":"https:\/\/api.w.org\/{rel}","templated":true}]}}

<h2><span style="color: #ffffff;"><strong>MaracaLab #2</strong></span></h2>
<p><span style="color: #808080;"><em>February 2021</em></span></p>
<p><iframe src="https://www.mixcloud.com/widget/iframe/?hide_cover=1&amp;feed=%2FTeslafm_net%2Fmaracalab-2-frud%C3%A1-merino-pou%2F" width="100%" height="120" frameborder="0"></iframe></p>
<p><span style="color: #808080;">Colze a Colze, Jornades de suport a la música en viu (Support days for live music)</span></p>
<p><span style="color: #808080;">What does a music festival that has been cancelled sound like? What goes through a musician's head when he or she cannot play? How does the cancellation of an event affect the organizer? What are we left with when we lose these social, cultural and community spaces, these possibilities for collective catharsis? <strong>Colze to Colze</strong> is a festival organized by the cooperative <strong>Quesoni</strong> which allows Km0 musicians to play and earn income in a disastrous year. It was to replace, with a more concentrated format, the already cancelled Say it Loud. But the Colze a Colze could not be celebrated either...</span></p>
<p><span style="color: #808080;">With the participation in this second episode of: Emma Giné and Pablo Tudela (Quesoni), Rodrigo Laviña, Queralt Lahoz, Miguelito Superstar, Adriano Galante, Marcel-lí Bayer, Hylin Bruno, Txell Neddermann, Pablo Schwarzmann, Pau Vidal, Genís Bou and the audience that could NOT attend (Gemma, Agustín and Joana). </span></p>

<p>MaracaLab #2 Febrero 2021 Colze a Colze, Jornades de suport a la música en viu ¿Cómo suena un festival musical que se ha cancelado? ¿Qué le pasa por la cabeza a un músico cuando no puede tocar? ¿Cómo afecta la cancelación de un evento a quien lo organiza? ¿Qué nos queda cuando perdemos estos espacios [&hellip;]</p>

<!-- This site is optimized with the Yoast SEO plugin v27.4 - https://yoast.com/product/yoast-seo-wordpress/ -->
<title>MaracaLab #2 -</title>
<meta name="robots" content="index, follow, max-snippet:-1, max-image-preview:large, max-video-preview:-1" />
<link rel="canonical" href="https://teslafm.net/en/maracalab-2/" />
<meta property="og:locale" content="en_US" />
<meta property="og:type" content="article" />
<meta property="og:title" content="MaracaLab #2 -" />
<meta property="og:description" content="MaracaLab #2 Febrero 2021 Colze a Colze, Jornades de suport a la música en viu ¿Cómo suena un festival musical que se ha cancelado? ¿Qué le pasa por la cabeza a un músico cuando no puede tocar? ¿Cómo afecta la cancelación de un evento a quien lo organiza? ¿Qué nos queda cuando perdemos estos espacios [&hellip;]" />
<meta property="og:url" content="https://teslafm.net/en/maracalab-2/" />
<meta property="article:publisher" content="https://www.facebook.com/teslafm.net" />
<meta property="article:modified_time" content="2021-02-05T16:32:27+00:00" />
<meta property="og:image" content="https://teslafm.net/wp-content/uploads/2022/09/header-image-4-temp.png" />
	<meta property="og:image:width" content="1274" />
	<meta property="og:image:height" content="818" />
	<meta property="og:image:type" content="image/png" />
<meta name="twitter:card" content="summary_large_image" />
<meta name="twitter:site" content="@teslafm" />
<meta name="twitter:label1" content="Est. reading time" />
	<meta name="twitter:data1" content="1 minute" />
<script type="application/ld+json" class="yoast-schema-graph">{"@context":"https:\/\/schema.org","@graph":[{"@type":"WebPage","@id":"https:\/\/teslafm.net\/en\/maracalab-2\/","url":"https:\/\/teslafm.net\/en\/maracalab-2\/","name":"MaracaLab #2 -","isPartOf":{"@id":"https:\/\/teslafm.net\/#website"},"datePublished":"2021-02-02T17:09:10+00:00","dateModified":"2021-02-05T16:32:27+00:00","breadcrumb":{"@id":"https:\/\/teslafm.net\/en\/maracalab-2\/#breadcrumb"},"inLanguage":"en-US","potentialAction":[{"@type":"ReadAction","target":["https:\/\/teslafm.net\/en\/maracalab-2\/"]}]},{"@type":"BreadcrumbList","@id":"https:\/\/teslafm.net\/en\/maracalab-2\/#breadcrumb","itemListElement":[{"@type":"ListItem","position":1,"name":"Portada","item":"https:\/\/teslafm.net\/"},{"@type":"ListItem","position":2,"name":"MaracaLab #2"}]},{"@type":"WebSite","@id":"https:\/\/teslafm.net\/#website","url":"https:\/\/teslafm.net\/","name":"TeslaFM","description":"An experimental and creative radio","publisher":{"@id":"https:\/\/teslafm.net\/#organization"},"potentialAction":[{"@type":"SearchAction","target":{"@type":"EntryPoint","urlTemplate":"https:\/\/teslafm.net\/?s={search_term_string}"},"query-input":{"@type":"PropertyValueSpecification","valueRequired":true,"valueName":"search_term_string"}}],"inLanguage":"en-US"},{"@type":"Organization","@id":"https:\/\/teslafm.net\/#organization","name":"TeslaFM","url":"https:\/\/teslafm.net\/","logo":{"@type":"ImageObject","inLanguage":"en-US","@id":"https:\/\/teslafm.net\/#\/schema\/logo\/image\/","url":"https:\/\/teslafm.net\/wp-content\/uploads\/2020\/06\/logo-tesla.png","contentUrl":"https:\/\/teslafm.net\/wp-content\/uploads\/2020\/06\/logo-tesla.png","width":512,"height":512,"caption":"TeslaFM"},"image":{"@id":"https:\/\/teslafm.net\/#\/schema\/logo\/image\/"},"sameAs":["https:\/\/www.facebook.com\/teslafm.net","https:\/\/x.com\/teslafm"]}]}</script>
<!-- / Yoast SEO plugin. -->

MaracaLab #2 Febrero 2021 Colze a Colze, Jornades de suport a la música en viu ¿Cómo suena un festival musical que se ha cancelado? ¿Qué le pasa por la cabeza a un músico cuando no puede tocar? ¿Cómo afecta la cancelación de un evento a quien lo organiza? ¿Qué nos queda cuando perdemos estos espacios [&hellip;]

MaracaLab #2 Febrero 2021 Colze a Colze, Jornades de suport a la música en viu ¿Cómo suena un festival musical que se ha cancelado? ¿Qué le pasa por la cabeza a un músico cuando no puede tocar? ¿Cómo afecta la cancelación de un evento a quien lo organiza? ¿Qué nos queda cuando perdemos estos espacios&hellip;
