

{"id":57938,"date":"2021-05-04T17:04:52","date_gmt":"2021-05-04T15:04:52","guid":{"rendered":"https:\/\/teslafm.net\/?page_id=57938"},"modified":"2021-05-04T17:04:52","modified_gmt":"2021-05-04T15:04:52","slug":"maracalab-4","status":"publish","type":"page","link":"https:\/\/teslafm.net\/en\/maracalab-4\/","title":{"rendered":"MaracaLab #4"},"content":{"rendered":"<h2><span style=\"color: #ffffff;\"><strong>MaracaLab #4<\/strong><\/span><\/h2>\n<p><span style=\"color: #808080;\"><em>May 3rd<\/em><\/span><\/p>\n<p><iframe src=\"https:\/\/www.mixcloud.com\/widget\/iframe\/?hide_cover=1&amp;feed=%2FTeslafm_net%2Fmaracalab-4-frud%C3%A0-merino-pou%2F\" width=\"100%\" height=\"120\" frameborder=\"0\"><\/iframe><\/p>\n<p><span style=\"color: #808080;\">The <strong>Fira Literal<\/strong> is an event that is held in May, but in 2020 it had to be held in December as <strong>La Literal d'Hivern<\/strong>. It is a meeting of books and critical, radical and shaking ideas. It is a bastion of resistance that understands culture as an essential service, as a tool for community articulation and social cohesion, essential in the face of isolation and individualization. It is an open and safe meeting place. More than 100 publishers gathered to confirm this event in a hybrid format: the book fair, online, and the dialogues, in a face-to-face format.<\/span><\/p>\n<p><span style=\"color: #808080;\">With the voices of: <strong>Abel Azcona, Javier S\u00e1ez, Lucas Platero, Willy Toledo, Xavi Urbano, Eloi Aymerich, Alcira Pad\u00edn, Helena Ojeda, Liliana Arroyo, Max Carbonell, Pol Andinyach, \u00cdngrid Guardiola, Marta Segarra, David Fern\u00e1ndez, Lu Rois, Laura Arau, Laura Huerga, Rafa Arques, Salvador Cobo<\/strong>.<\/span><\/p>\n<p><span style=\"color: #808080;\">Playlist:<\/span><\/p>\n<p><span style=\"color: #808080;\"><strong>The Ex<\/strong> - State of Shock<\/span><br \/>\n<span style=\"color: #808080;\"><strong>Trans AM<\/strong> - Positive People<\/span><br \/>\n<span style=\"color: #808080;\"><strong>Lu Rois<\/strong> - Endins Forest<\/span><br \/>\n<span style=\"color: #808080;\"><strong>Biznaga<\/strong> - 2K20<\/span><br \/>\n<span style=\"color: #808080;\"><strong>Propagandhi<\/strong> - Resisting Tyrannical Government<\/span><br \/>\n<span style=\"color: #808080;\"><strong>Arpanet<\/strong> - Wireframe Images<\/span><br \/>\n<span style=\"color: #808080;\"><strong>Vatican Shadow<\/strong> - Church of All Images<\/span><\/p>","protected":false},"excerpt":{"rendered":"<p>MaracaLab #4 3 de Mayo La Fira Literal es un evento que se celebra en mayo, pero el a\u00f1o 2020 se tuvo que celebrar en diciembre como La Literal d\u2019Hivern. Es un encuentro de libros e ideas cr\u00edticas, radicales y zarandeadoras. Es un basti\u00f3n de resistencia que entiende la cultura como un servicio esencial, como [&hellip;]<\/p>\n","protected":false},"author":19,"featured_media":0,"parent":0,"menu_order":0,"comment_status":"closed","ping_status":"closed","template":"","meta":{"footnotes":""},"class_list":["post-57938","page","type-page","status-publish","hentry"],"yoast_head":"<!-- This site is optimized with the Yoast SEO plugin v27.4 - https:\/\/yoast.com\/product\/yoast-seo-wordpress\/ -->\n<title>MaracaLab #4 -<\/title>\n<meta name=\"robots\" content=\"index, follow, max-snippet:-1, max-image-preview:large, max-video-preview:-1\" \/>\n<link rel=\"canonical\" href=\"https:\/\/teslafm.net\/en\/maracalab-4\/\" \/>\n<meta property=\"og:locale\" content=\"en_US\" \/>\n<meta property=\"og:type\" content=\"article\" \/>\n<meta property=\"og:title\" content=\"MaracaLab #4 -\" \/>\n<meta property=\"og:description\" content=\"MaracaLab #4 3 de Mayo La Fira Literal es un evento que se celebra en mayo, pero el a\u00f1o 2020 se tuvo que celebrar en diciembre como La Literal d\u2019Hivern. Es un encuentro de libros e ideas cr\u00edticas, radicales y zarandeadoras. Es un basti\u00f3n de resistencia que entiende la cultura como un servicio esencial, como [&hellip;]\" \/>\n<meta property=\"og:url\" content=\"https:\/\/teslafm.net\/en\/maracalab-4\/\" \/>\n<meta property=\"article:publisher\" content=\"https:\/\/www.facebook.com\/teslafm.net\" \/>\n<meta property=\"og:image\" content=\"https:\/\/teslafm.net\/wp-content\/uploads\/2022\/09\/header-image-4-temp.png\" \/>\n\t<meta property=\"og:image:width\" content=\"1274\" \/>\n\t<meta property=\"og:image:height\" content=\"818\" \/>\n\t<meta property=\"og:image:type\" content=\"image\/png\" \/>\n<meta name=\"twitter:card\" content=\"summary_large_image\" \/>\n<meta name=\"twitter:site\" content=\"@teslafm\" \/>\n<meta name=\"twitter:label1\" content=\"Est. reading time\" \/>\n\t<meta name=\"twitter:data1\" content=\"1 minute\" \/>\n<script type=\"application\/ld+json\" class=\"yoast-schema-graph\">{\"@context\":\"https:\\\/\\\/schema.org\",\"@graph\":[{\"@type\":\"WebPage\",\"@id\":\"https:\\\/\\\/teslafm.net\\\/maracalab-4\\\/\",\"url\":\"https:\\\/\\\/teslafm.net\\\/maracalab-4\\\/\",\"name\":\"MaracaLab #4 -\",\"isPartOf\":{\"@id\":\"https:\\\/\\\/teslafm.net\\\/#website\"},\"datePublished\":\"2021-05-04T15:04:52+00:00\",\"breadcrumb\":{\"@id\":\"https:\\\/\\\/teslafm.net\\\/maracalab-4\\\/#breadcrumb\"},\"inLanguage\":\"en-US\",\"potentialAction\":[{\"@type\":\"ReadAction\",\"target\":[\"https:\\\/\\\/teslafm.net\\\/maracalab-4\\\/\"]}]},{\"@type\":\"BreadcrumbList\",\"@id\":\"https:\\\/\\\/teslafm.net\\\/maracalab-4\\\/#breadcrumb\",\"itemListElement\":[{\"@type\":\"ListItem\",\"position\":1,\"name\":\"Portada\",\"item\":\"https:\\\/\\\/teslafm.net\\\/\"},{\"@type\":\"ListItem\",\"position\":2,\"name\":\"MaracaLab #4\"}]},{\"@type\":\"WebSite\",\"@id\":\"https:\\\/\\\/teslafm.net\\\/#website\",\"url\":\"https:\\\/\\\/teslafm.net\\\/\",\"name\":\"TeslaFM\",\"description\":\"An experimental and creative radio\",\"publisher\":{\"@id\":\"https:\\\/\\\/teslafm.net\\\/#organization\"},\"potentialAction\":[{\"@type\":\"SearchAction\",\"target\":{\"@type\":\"EntryPoint\",\"urlTemplate\":\"https:\\\/\\\/teslafm.net\\\/?s={search_term_string}\"},\"query-input\":{\"@type\":\"PropertyValueSpecification\",\"valueRequired\":true,\"valueName\":\"search_term_string\"}}],\"inLanguage\":\"en-US\"},{\"@type\":\"Organization\",\"@id\":\"https:\\\/\\\/teslafm.net\\\/#organization\",\"name\":\"TeslaFM\",\"url\":\"https:\\\/\\\/teslafm.net\\\/\",\"logo\":{\"@type\":\"ImageObject\",\"inLanguage\":\"en-US\",\"@id\":\"https:\\\/\\\/teslafm.net\\\/#\\\/schema\\\/logo\\\/image\\\/\",\"url\":\"https:\\\/\\\/teslafm.net\\\/wp-content\\\/uploads\\\/2020\\\/06\\\/logo-tesla.png\",\"contentUrl\":\"https:\\\/\\\/teslafm.net\\\/wp-content\\\/uploads\\\/2020\\\/06\\\/logo-tesla.png\",\"width\":512,\"height\":512,\"caption\":\"TeslaFM\"},\"image\":{\"@id\":\"https:\\\/\\\/teslafm.net\\\/#\\\/schema\\\/logo\\\/image\\\/\"},\"sameAs\":[\"https:\\\/\\\/www.facebook.com\\\/teslafm.net\",\"https:\\\/\\\/x.com\\\/teslafm\"]}]}<\/script>\n<!-- \/ Yoast SEO plugin. -->","yoast_head_json":{"title":"MaracaLab #4 -","robots":{"index":"index","follow":"follow","max-snippet":"max-snippet:-1","max-image-preview":"max-image-preview:large","max-video-preview":"max-video-preview:-1"},"canonical":"https:\/\/teslafm.net\/en\/maracalab-4\/","og_locale":"en_US","og_type":"article","og_title":"MaracaLab #4 -","og_description":"MaracaLab #4 3 de Mayo La Fira Literal es un evento que se celebra en mayo, pero el a\u00f1o 2020 se tuvo que celebrar en diciembre como La Literal d\u2019Hivern. Es un encuentro de libros e ideas cr\u00edticas, radicales y zarandeadoras. Es un basti\u00f3n de resistencia que entiende la cultura como un servicio esencial, como [&hellip;]","og_url":"https:\/\/teslafm.net\/en\/maracalab-4\/","article_publisher":"https:\/\/www.facebook.com\/teslafm.net","og_image":[{"width":1274,"height":818,"url":"https:\/\/teslafm.net\/wp-content\/uploads\/2022\/09\/header-image-4-temp.png","type":"image\/png"}],"twitter_card":"summary_large_image","twitter_site":"@teslafm","twitter_misc":{"Est. reading time":"1 minute"},"schema":{"@context":"https:\/\/schema.org","@graph":[{"@type":"WebPage","@id":"https:\/\/teslafm.net\/maracalab-4\/","url":"https:\/\/teslafm.net\/maracalab-4\/","name":"MaracaLab #4 -","isPartOf":{"@id":"https:\/\/teslafm.net\/#website"},"datePublished":"2021-05-04T15:04:52+00:00","breadcrumb":{"@id":"https:\/\/teslafm.net\/maracalab-4\/#breadcrumb"},"inLanguage":"en-US","potentialAction":[{"@type":"ReadAction","target":["https:\/\/teslafm.net\/maracalab-4\/"]}]},{"@type":"BreadcrumbList","@id":"https:\/\/teslafm.net\/maracalab-4\/#breadcrumb","itemListElement":[{"@type":"ListItem","position":1,"name":"Portada","item":"https:\/\/teslafm.net\/"},{"@type":"ListItem","position":2,"name":"MaracaLab #4"}]},{"@type":"WebSite","@id":"https:\/\/teslafm.net\/#website","url":"https:\/\/teslafm.net\/","name":"TeslaFM","description":"An experimental and creative radio","publisher":{"@id":"https:\/\/teslafm.net\/#organization"},"potentialAction":[{"@type":"SearchAction","target":{"@type":"EntryPoint","urlTemplate":"https:\/\/teslafm.net\/?s={search_term_string}"},"query-input":{"@type":"PropertyValueSpecification","valueRequired":true,"valueName":"search_term_string"}}],"inLanguage":"en-US"},{"@type":"Organization","@id":"https:\/\/teslafm.net\/#organization","name":"TeslaFM","url":"https:\/\/teslafm.net\/","logo":{"@type":"ImageObject","inLanguage":"en-US","@id":"https:\/\/teslafm.net\/#\/schema\/logo\/image\/","url":"https:\/\/teslafm.net\/wp-content\/uploads\/2020\/06\/logo-tesla.png","contentUrl":"https:\/\/teslafm.net\/wp-content\/uploads\/2020\/06\/logo-tesla.png","width":512,"height":512,"caption":"TeslaFM"},"image":{"@id":"https:\/\/teslafm.net\/#\/schema\/logo\/image\/"},"sameAs":["https:\/\/www.facebook.com\/teslafm.net","https:\/\/x.com\/teslafm"]}]}},"rttpg_featured_image_url":null,"rttpg_author":{"display_name":"Ishak","author_link":"https:\/\/teslafm.net\/en\/author\/cravan\/"},"rttpg_comment":0,"rttpg_category":null,"rttpg_excerpt":"MaracaLab #4 3 de Mayo La Fira Literal es un evento que se celebra en mayo, pero el a\u00f1o 2020 se tuvo que celebrar en diciembre como La Literal d\u2019Hivern. Es un encuentro de libros e ideas cr\u00edticas, radicales y zarandeadoras. Es un basti\u00f3n de resistencia que entiende la cultura como un servicio esencial, como&hellip;","_links":{"self":[{"href":"https:\/\/teslafm.net\/en\/wp-json\/wp\/v2\/pages\/57938","targetHints":{"allow":["GET"]}}],"collection":[{"href":"https:\/\/teslafm.net\/en\/wp-json\/wp\/v2\/pages"}],"about":[{"href":"https:\/\/teslafm.net\/en\/wp-json\/wp\/v2\/types\/page"}],"author":[{"embeddable":true,"href":"https:\/\/teslafm.net\/en\/wp-json\/wp\/v2\/users\/19"}],"replies":[{"embeddable":true,"href":"https:\/\/teslafm.net\/en\/wp-json\/wp\/v2\/comments?post=57938"}],"version-history":[{"count":1,"href":"https:\/\/teslafm.net\/en\/wp-json\/wp\/v2\/pages\/57938\/revisions"}],"predecessor-version":[{"id":57939,"href":"https:\/\/teslafm.net\/en\/wp-json\/wp\/v2\/pages\/57938\/revisions\/57939"}],"wp:attachment":[{"href":"https:\/\/teslafm.net\/en\/wp-json\/wp\/v2\/media?parent=57938"}],"curies":[{"name":"wp","href":"https:\/\/api.w.org\/{rel}","templated":true}]}}

<h2><span style="color: #ffffff;"><strong>MaracaLab #4</strong></span></h2>
<p><span style="color: #808080;"><em>May 3rd</em></span></p>
<p><iframe src="https://www.mixcloud.com/widget/iframe/?hide_cover=1&amp;feed=%2FTeslafm_net%2Fmaracalab-4-frud%C3%A0-merino-pou%2F" width="100%" height="120" frameborder="0"></iframe></p>
<p><span style="color: #808080;">The <strong>Fira Literal</strong> is an event that is held in May, but in 2020 it had to be held in December as <strong>La Literal d'Hivern</strong>. It is a meeting of books and critical, radical and shaking ideas. It is a bastion of resistance that understands culture as an essential service, as a tool for community articulation and social cohesion, essential in the face of isolation and individualization. It is an open and safe meeting place. More than 100 publishers gathered to confirm this event in a hybrid format: the book fair, online, and the dialogues, in a face-to-face format.</span></p>
<p><span style="color: #808080;">With the voices of: <strong>Abel Azcona, Javier Sáez, Lucas Platero, Willy Toledo, Xavi Urbano, Eloi Aymerich, Alcira Padín, Helena Ojeda, Liliana Arroyo, Max Carbonell, Pol Andinyach, Íngrid Guardiola, Marta Segarra, David Fernández, Lu Rois, Laura Arau, Laura Huerga, Rafa Arques, Salvador Cobo</strong>.</span></p>
<p><span style="color: #808080;">Playlist:</span></p>
<p><span style="color: #808080;"><strong>The Ex</strong> - State of Shock</span><br />
<span style="color: #808080;"><strong>Trans AM</strong> - Positive People</span><br />
<span style="color: #808080;"><strong>Lu Rois</strong> - Endins Forest</span><br />
<span style="color: #808080;"><strong>Biznaga</strong> - 2K20</span><br />
<span style="color: #808080;"><strong>Propagandhi</strong> - Resisting Tyrannical Government</span><br />
<span style="color: #808080;"><strong>Arpanet</strong> - Wireframe Images</span><br />
<span style="color: #808080;"><strong>Vatican Shadow</strong> - Church of All Images</span></p>

<p>MaracaLab #4 3 de Mayo La Fira Literal es un evento que se celebra en mayo, pero el año 2020 se tuvo que celebrar en diciembre como La Literal d’Hivern. Es un encuentro de libros e ideas críticas, radicales y zarandeadoras. Es un bastión de resistencia que entiende la cultura como un servicio esencial, como [&hellip;]</p>

<!-- This site is optimized with the Yoast SEO plugin v27.4 - https://yoast.com/product/yoast-seo-wordpress/ -->
<title>MaracaLab #4 -</title>
<meta name="robots" content="index, follow, max-snippet:-1, max-image-preview:large, max-video-preview:-1" />
<link rel="canonical" href="https://teslafm.net/en/maracalab-4/" />
<meta property="og:locale" content="en_US" />
<meta property="og:type" content="article" />
<meta property="og:title" content="MaracaLab #4 -" />
<meta property="og:description" content="MaracaLab #4 3 de Mayo La Fira Literal es un evento que se celebra en mayo, pero el año 2020 se tuvo que celebrar en diciembre como La Literal d’Hivern. Es un encuentro de libros e ideas críticas, radicales y zarandeadoras. Es un bastión de resistencia que entiende la cultura como un servicio esencial, como [&hellip;]" />
<meta property="og:url" content="https://teslafm.net/en/maracalab-4/" />
<meta property="article:publisher" content="https://www.facebook.com/teslafm.net" />
<meta property="og:image" content="https://teslafm.net/wp-content/uploads/2022/09/header-image-4-temp.png" />
	<meta property="og:image:width" content="1274" />
	<meta property="og:image:height" content="818" />
	<meta property="og:image:type" content="image/png" />
<meta name="twitter:card" content="summary_large_image" />
<meta name="twitter:site" content="@teslafm" />
<meta name="twitter:label1" content="Est. reading time" />
	<meta name="twitter:data1" content="1 minute" />
<script type="application/ld+json" class="yoast-schema-graph">{"@context":"https:\/\/schema.org","@graph":[{"@type":"WebPage","@id":"https:\/\/teslafm.net\/maracalab-4\/","url":"https:\/\/teslafm.net\/maracalab-4\/","name":"MaracaLab #4 -","isPartOf":{"@id":"https:\/\/teslafm.net\/#website"},"datePublished":"2021-05-04T15:04:52+00:00","breadcrumb":{"@id":"https:\/\/teslafm.net\/maracalab-4\/#breadcrumb"},"inLanguage":"en-US","potentialAction":[{"@type":"ReadAction","target":["https:\/\/teslafm.net\/maracalab-4\/"]}]},{"@type":"BreadcrumbList","@id":"https:\/\/teslafm.net\/maracalab-4\/#breadcrumb","itemListElement":[{"@type":"ListItem","position":1,"name":"Portada","item":"https:\/\/teslafm.net\/"},{"@type":"ListItem","position":2,"name":"MaracaLab #4"}]},{"@type":"WebSite","@id":"https:\/\/teslafm.net\/#website","url":"https:\/\/teslafm.net\/","name":"TeslaFM","description":"An experimental and creative radio","publisher":{"@id":"https:\/\/teslafm.net\/#organization"},"potentialAction":[{"@type":"SearchAction","target":{"@type":"EntryPoint","urlTemplate":"https:\/\/teslafm.net\/?s={search_term_string}"},"query-input":{"@type":"PropertyValueSpecification","valueRequired":true,"valueName":"search_term_string"}}],"inLanguage":"en-US"},{"@type":"Organization","@id":"https:\/\/teslafm.net\/#organization","name":"TeslaFM","url":"https:\/\/teslafm.net\/","logo":{"@type":"ImageObject","inLanguage":"en-US","@id":"https:\/\/teslafm.net\/#\/schema\/logo\/image\/","url":"https:\/\/teslafm.net\/wp-content\/uploads\/2020\/06\/logo-tesla.png","contentUrl":"https:\/\/teslafm.net\/wp-content\/uploads\/2020\/06\/logo-tesla.png","width":512,"height":512,"caption":"TeslaFM"},"image":{"@id":"https:\/\/teslafm.net\/#\/schema\/logo\/image\/"},"sameAs":["https:\/\/www.facebook.com\/teslafm.net","https:\/\/x.com\/teslafm"]}]}</script>
<!-- / Yoast SEO plugin. -->

MaracaLab #4 3 de Mayo La Fira Literal es un evento que se celebra en mayo, pero el año 2020 se tuvo que celebrar en diciembre como La Literal d’Hivern. Es un encuentro de libros e ideas críticas, radicales y zarandeadoras. Es un bastión de resistencia que entiende la cultura como un servicio esencial, como [&hellip;]

MaracaLab #4 3 de Mayo La Fira Literal es un evento que se celebra en mayo, pero el año 2020 se tuvo que celebrar en diciembre como La Literal d’Hivern. Es un encuentro de libros e ideas críticas, radicales y zarandeadoras. Es un bastión de resistencia que entiende la cultura como un servicio esencial, como&hellip;
