

{"id":60003,"date":"2022-06-28T15:42:57","date_gmt":"2022-06-28T13:42:57","guid":{"rendered":"https:\/\/teslafm.net\/?page_id=60003"},"modified":"2022-06-28T15:42:57","modified_gmt":"2022-06-28T13:42:57","slug":"maracalab-10","status":"publish","type":"page","link":"https:\/\/teslafm.net\/en\/maracalab-10\/","title":{"rendered":"MaracaLab #10"},"content":{"rendered":"<h2><span style=\"color: #ffffff;\"><strong>MaracaLab #10<\/strong><\/span><\/h2>\n<p><span style=\"color: #808080;\"><em>June 2022<\/em><\/span><\/p>\n<p><iframe src=\"https:\/\/www.mixcloud.com\/widget\/iframe\/?hide_cover=1&amp;feed=%2FTeslafm_net%2Fmaracalab-10-frud%C3%A0-merino-pou%2F\" width=\"100%\" height=\"120\" frameborder=\"0\"><\/iframe><\/p>\n<p><span style=\"color: #808080;\"><strong>Ullal Fest<\/strong>Festival of incisive photography, took place from May 12 to 14 at Can Batll\u00f3. The proposal from Femart, from Ca la Dona, counted with the participation of 31 visual projects and 28 collectives such as: Fils Feministes, Higo Mental, Stop Mare Mortum, Mal de Ojo, Primavera Gorda, Fotomovimiento, Tanquem els Cies, La Fondona, Se va a armar la gorda, Espectros de lo Urbano, among others.<\/span><\/p>\n<p><span style=\"color: #808080;\"><strong>Ullalada n<\/strong>f. 1 The action of sticking a critical and creative gaze on a piece of reality that has been chewed up, in order to materialize the image of its new flavor. 2 neologism that comes from the conjunction of the actions\/images of looking and chewing and that indicates the political\/artistic incidence that the photographic practice can exert.<\/span><\/p>\n<p><span style=\"color: #808080;\">In this hypervisual world full of capturing devices, images play a fundamental role as instruments of repression.<\/span><\/p>\n<p><span style=\"color: #808080;\">Images are primordial for the formation, constitution and expression of human subjectivity and they are the ones that outline a great part of the designs of our forms of life in common.<\/span><\/p>\n<p><span style=\"color: #808080;\">Our \"productive\", generative and creative capacity diminishes as we \"consume\" screens of prefabricated reality.<\/span><\/p>\n<p><span style=\"color: #808080;\">This rapture of images has been propitiated by the hetero-white man, rich and owner of the avalanche of media that vomit them.<\/span><\/p>\n<p><span style=\"color: #808080;\">The \"obedient\" image factories have to be exposed and overcome.<\/span><br \/>\n<span style=\"color: #808080;\">ULLAL urgently calls for a radical \"squatting\" of this sad and reduced imaginary.<\/span><\/p>","protected":false},"excerpt":{"rendered":"<p>MaracaLab #10 Junio 2022 Ullal Fest, Festival de fotograf\u00eda incisiva, tuvo lugar del 12 al 14 de mayo en Can Batll\u00f3. La propuesta desde Femart, de Ca la Dona, cont\u00f3 con la participaci\u00f3n de 31 proyectos visuales y 28 colectivas como: Fils Feministes, Higo Mental, Stop Mare Mortum, Mal de Ojo, Primavera Gorda, Fotomovimiento, Tanquem [&hellip;]<\/p>\n","protected":false},"author":19,"featured_media":0,"parent":0,"menu_order":0,"comment_status":"closed","ping_status":"closed","template":"","meta":{"footnotes":""},"class_list":["post-60003","page","type-page","status-publish","hentry"],"yoast_head":"<!-- This site is optimized with the Yoast SEO plugin v27.4 - https:\/\/yoast.com\/product\/yoast-seo-wordpress\/ -->\n<title>MaracaLab #10 -<\/title>\n<meta name=\"robots\" content=\"index, follow, max-snippet:-1, max-image-preview:large, max-video-preview:-1\" \/>\n<link rel=\"canonical\" href=\"https:\/\/teslafm.net\/en\/maracalab-10\/\" \/>\n<meta property=\"og:locale\" content=\"en_US\" \/>\n<meta property=\"og:type\" content=\"article\" \/>\n<meta property=\"og:title\" content=\"MaracaLab #10 -\" \/>\n<meta property=\"og:description\" content=\"MaracaLab #10 Junio 2022 Ullal Fest, Festival de fotograf\u00eda incisiva, tuvo lugar del 12 al 14 de mayo en Can Batll\u00f3. La propuesta desde Femart, de Ca la Dona, cont\u00f3 con la participaci\u00f3n de 31 proyectos visuales y 28 colectivas como: Fils Feministes, Higo Mental, Stop Mare Mortum, Mal de Ojo, Primavera Gorda, Fotomovimiento, Tanquem [&hellip;]\" \/>\n<meta property=\"og:url\" content=\"https:\/\/teslafm.net\/en\/maracalab-10\/\" \/>\n<meta property=\"article:publisher\" content=\"https:\/\/www.facebook.com\/teslafm.net\" \/>\n<meta property=\"og:image\" content=\"https:\/\/teslafm.net\/wp-content\/uploads\/2022\/09\/header-image-4-temp.png\" \/>\n\t<meta property=\"og:image:width\" content=\"1274\" \/>\n\t<meta property=\"og:image:height\" content=\"818\" \/>\n\t<meta property=\"og:image:type\" content=\"image\/png\" \/>\n<meta name=\"twitter:card\" content=\"summary_large_image\" \/>\n<meta name=\"twitter:site\" content=\"@teslafm\" \/>\n<meta name=\"twitter:label1\" content=\"Est. reading time\" \/>\n\t<meta name=\"twitter:data1\" content=\"1 minute\" \/>\n<script type=\"application\/ld+json\" class=\"yoast-schema-graph\">{\"@context\":\"https:\\\/\\\/schema.org\",\"@graph\":[{\"@type\":\"WebPage\",\"@id\":\"https:\\\/\\\/teslafm.net\\\/maracalab-10\\\/\",\"url\":\"https:\\\/\\\/teslafm.net\\\/maracalab-10\\\/\",\"name\":\"MaracaLab #10 -\",\"isPartOf\":{\"@id\":\"https:\\\/\\\/teslafm.net\\\/#website\"},\"datePublished\":\"2022-06-28T13:42:57+00:00\",\"breadcrumb\":{\"@id\":\"https:\\\/\\\/teslafm.net\\\/maracalab-10\\\/#breadcrumb\"},\"inLanguage\":\"en-US\",\"potentialAction\":[{\"@type\":\"ReadAction\",\"target\":[\"https:\\\/\\\/teslafm.net\\\/maracalab-10\\\/\"]}]},{\"@type\":\"BreadcrumbList\",\"@id\":\"https:\\\/\\\/teslafm.net\\\/maracalab-10\\\/#breadcrumb\",\"itemListElement\":[{\"@type\":\"ListItem\",\"position\":1,\"name\":\"Portada\",\"item\":\"https:\\\/\\\/teslafm.net\\\/\"},{\"@type\":\"ListItem\",\"position\":2,\"name\":\"MaracaLab #10\"}]},{\"@type\":\"WebSite\",\"@id\":\"https:\\\/\\\/teslafm.net\\\/#website\",\"url\":\"https:\\\/\\\/teslafm.net\\\/\",\"name\":\"TeslaFM\",\"description\":\"An experimental and creative radio\",\"publisher\":{\"@id\":\"https:\\\/\\\/teslafm.net\\\/#organization\"},\"potentialAction\":[{\"@type\":\"SearchAction\",\"target\":{\"@type\":\"EntryPoint\",\"urlTemplate\":\"https:\\\/\\\/teslafm.net\\\/?s={search_term_string}\"},\"query-input\":{\"@type\":\"PropertyValueSpecification\",\"valueRequired\":true,\"valueName\":\"search_term_string\"}}],\"inLanguage\":\"en-US\"},{\"@type\":\"Organization\",\"@id\":\"https:\\\/\\\/teslafm.net\\\/#organization\",\"name\":\"TeslaFM\",\"url\":\"https:\\\/\\\/teslafm.net\\\/\",\"logo\":{\"@type\":\"ImageObject\",\"inLanguage\":\"en-US\",\"@id\":\"https:\\\/\\\/teslafm.net\\\/#\\\/schema\\\/logo\\\/image\\\/\",\"url\":\"https:\\\/\\\/teslafm.net\\\/wp-content\\\/uploads\\\/2020\\\/06\\\/logo-tesla.png\",\"contentUrl\":\"https:\\\/\\\/teslafm.net\\\/wp-content\\\/uploads\\\/2020\\\/06\\\/logo-tesla.png\",\"width\":512,\"height\":512,\"caption\":\"TeslaFM\"},\"image\":{\"@id\":\"https:\\\/\\\/teslafm.net\\\/#\\\/schema\\\/logo\\\/image\\\/\"},\"sameAs\":[\"https:\\\/\\\/www.facebook.com\\\/teslafm.net\",\"https:\\\/\\\/x.com\\\/teslafm\"]}]}<\/script>\n<!-- \/ Yoast SEO plugin. -->","yoast_head_json":{"title":"MaracaLab #10 -","robots":{"index":"index","follow":"follow","max-snippet":"max-snippet:-1","max-image-preview":"max-image-preview:large","max-video-preview":"max-video-preview:-1"},"canonical":"https:\/\/teslafm.net\/en\/maracalab-10\/","og_locale":"en_US","og_type":"article","og_title":"MaracaLab #10 -","og_description":"MaracaLab #10 Junio 2022 Ullal Fest, Festival de fotograf\u00eda incisiva, tuvo lugar del 12 al 14 de mayo en Can Batll\u00f3. La propuesta desde Femart, de Ca la Dona, cont\u00f3 con la participaci\u00f3n de 31 proyectos visuales y 28 colectivas como: Fils Feministes, Higo Mental, Stop Mare Mortum, Mal de Ojo, Primavera Gorda, Fotomovimiento, Tanquem [&hellip;]","og_url":"https:\/\/teslafm.net\/en\/maracalab-10\/","article_publisher":"https:\/\/www.facebook.com\/teslafm.net","og_image":[{"width":1274,"height":818,"url":"https:\/\/teslafm.net\/wp-content\/uploads\/2022\/09\/header-image-4-temp.png","type":"image\/png"}],"twitter_card":"summary_large_image","twitter_site":"@teslafm","twitter_misc":{"Est. reading time":"1 minute"},"schema":{"@context":"https:\/\/schema.org","@graph":[{"@type":"WebPage","@id":"https:\/\/teslafm.net\/maracalab-10\/","url":"https:\/\/teslafm.net\/maracalab-10\/","name":"MaracaLab #10 -","isPartOf":{"@id":"https:\/\/teslafm.net\/#website"},"datePublished":"2022-06-28T13:42:57+00:00","breadcrumb":{"@id":"https:\/\/teslafm.net\/maracalab-10\/#breadcrumb"},"inLanguage":"en-US","potentialAction":[{"@type":"ReadAction","target":["https:\/\/teslafm.net\/maracalab-10\/"]}]},{"@type":"BreadcrumbList","@id":"https:\/\/teslafm.net\/maracalab-10\/#breadcrumb","itemListElement":[{"@type":"ListItem","position":1,"name":"Portada","item":"https:\/\/teslafm.net\/"},{"@type":"ListItem","position":2,"name":"MaracaLab #10"}]},{"@type":"WebSite","@id":"https:\/\/teslafm.net\/#website","url":"https:\/\/teslafm.net\/","name":"TeslaFM","description":"An experimental and creative radio","publisher":{"@id":"https:\/\/teslafm.net\/#organization"},"potentialAction":[{"@type":"SearchAction","target":{"@type":"EntryPoint","urlTemplate":"https:\/\/teslafm.net\/?s={search_term_string}"},"query-input":{"@type":"PropertyValueSpecification","valueRequired":true,"valueName":"search_term_string"}}],"inLanguage":"en-US"},{"@type":"Organization","@id":"https:\/\/teslafm.net\/#organization","name":"TeslaFM","url":"https:\/\/teslafm.net\/","logo":{"@type":"ImageObject","inLanguage":"en-US","@id":"https:\/\/teslafm.net\/#\/schema\/logo\/image\/","url":"https:\/\/teslafm.net\/wp-content\/uploads\/2020\/06\/logo-tesla.png","contentUrl":"https:\/\/teslafm.net\/wp-content\/uploads\/2020\/06\/logo-tesla.png","width":512,"height":512,"caption":"TeslaFM"},"image":{"@id":"https:\/\/teslafm.net\/#\/schema\/logo\/image\/"},"sameAs":["https:\/\/www.facebook.com\/teslafm.net","https:\/\/x.com\/teslafm"]}]}},"rttpg_featured_image_url":null,"rttpg_author":{"display_name":"Ishak","author_link":"https:\/\/teslafm.net\/en\/author\/cravan\/"},"rttpg_comment":0,"rttpg_category":null,"rttpg_excerpt":"MaracaLab #10 Junio 2022 Ullal Fest, Festival de fotograf\u00eda incisiva, tuvo lugar del 12 al 14 de mayo en Can Batll\u00f3. La propuesta desde Femart, de Ca la Dona, cont\u00f3 con la participaci\u00f3n de 31 proyectos visuales y 28 colectivas como: Fils Feministes, Higo Mental, Stop Mare Mortum, Mal de Ojo, Primavera Gorda, Fotomovimiento, Tanquem&hellip;","_links":{"self":[{"href":"https:\/\/teslafm.net\/en\/wp-json\/wp\/v2\/pages\/60003","targetHints":{"allow":["GET"]}}],"collection":[{"href":"https:\/\/teslafm.net\/en\/wp-json\/wp\/v2\/pages"}],"about":[{"href":"https:\/\/teslafm.net\/en\/wp-json\/wp\/v2\/types\/page"}],"author":[{"embeddable":true,"href":"https:\/\/teslafm.net\/en\/wp-json\/wp\/v2\/users\/19"}],"replies":[{"embeddable":true,"href":"https:\/\/teslafm.net\/en\/wp-json\/wp\/v2\/comments?post=60003"}],"version-history":[{"count":1,"href":"https:\/\/teslafm.net\/en\/wp-json\/wp\/v2\/pages\/60003\/revisions"}],"predecessor-version":[{"id":60005,"href":"https:\/\/teslafm.net\/en\/wp-json\/wp\/v2\/pages\/60003\/revisions\/60005"}],"wp:attachment":[{"href":"https:\/\/teslafm.net\/en\/wp-json\/wp\/v2\/media?parent=60003"}],"curies":[{"name":"wp","href":"https:\/\/api.w.org\/{rel}","templated":true}]}}

<h2><span style="color: #ffffff;"><strong>MaracaLab #10</strong></span></h2>
<p><span style="color: #808080;"><em>June 2022</em></span></p>
<p><iframe src="https://www.mixcloud.com/widget/iframe/?hide_cover=1&amp;feed=%2FTeslafm_net%2Fmaracalab-10-frud%C3%A0-merino-pou%2F" width="100%" height="120" frameborder="0"></iframe></p>
<p><span style="color: #808080;"><strong>Ullal Fest</strong>Festival of incisive photography, took place from May 12 to 14 at Can Batlló. The proposal from Femart, from Ca la Dona, counted with the participation of 31 visual projects and 28 collectives such as: Fils Feministes, Higo Mental, Stop Mare Mortum, Mal de Ojo, Primavera Gorda, Fotomovimiento, Tanquem els Cies, La Fondona, Se va a armar la gorda, Espectros de lo Urbano, among others.</span></p>
<p><span style="color: #808080;"><strong>Ullalada n</strong>f. 1 The action of sticking a critical and creative gaze on a piece of reality that has been chewed up, in order to materialize the image of its new flavor. 2 neologism that comes from the conjunction of the actions/images of looking and chewing and that indicates the political/artistic incidence that the photographic practice can exert.</span></p>
<p><span style="color: #808080;">In this hypervisual world full of capturing devices, images play a fundamental role as instruments of repression.</span></p>
<p><span style="color: #808080;">Images are primordial for the formation, constitution and expression of human subjectivity and they are the ones that outline a great part of the designs of our forms of life in common.</span></p>
<p><span style="color: #808080;">Our "productive", generative and creative capacity diminishes as we "consume" screens of prefabricated reality.</span></p>
<p><span style="color: #808080;">This rapture of images has been propitiated by the hetero-white man, rich and owner of the avalanche of media that vomit them.</span></p>
<p><span style="color: #808080;">The "obedient" image factories have to be exposed and overcome.</span><br />
<span style="color: #808080;">ULLAL urgently calls for a radical "squatting" of this sad and reduced imaginary.</span></p>

<p>MaracaLab #10 Junio 2022 Ullal Fest, Festival de fotografía incisiva, tuvo lugar del 12 al 14 de mayo en Can Batlló. La propuesta desde Femart, de Ca la Dona, contó con la participación de 31 proyectos visuales y 28 colectivas como: Fils Feministes, Higo Mental, Stop Mare Mortum, Mal de Ojo, Primavera Gorda, Fotomovimiento, Tanquem [&hellip;]</p>

<!-- This site is optimized with the Yoast SEO plugin v27.4 - https://yoast.com/product/yoast-seo-wordpress/ -->
<title>MaracaLab #10 -</title>
<meta name="robots" content="index, follow, max-snippet:-1, max-image-preview:large, max-video-preview:-1" />
<link rel="canonical" href="https://teslafm.net/en/maracalab-10/" />
<meta property="og:locale" content="en_US" />
<meta property="og:type" content="article" />
<meta property="og:title" content="MaracaLab #10 -" />
<meta property="og:description" content="MaracaLab #10 Junio 2022 Ullal Fest, Festival de fotografía incisiva, tuvo lugar del 12 al 14 de mayo en Can Batlló. La propuesta desde Femart, de Ca la Dona, contó con la participación de 31 proyectos visuales y 28 colectivas como: Fils Feministes, Higo Mental, Stop Mare Mortum, Mal de Ojo, Primavera Gorda, Fotomovimiento, Tanquem [&hellip;]" />
<meta property="og:url" content="https://teslafm.net/en/maracalab-10/" />
<meta property="article:publisher" content="https://www.facebook.com/teslafm.net" />
<meta property="og:image" content="https://teslafm.net/wp-content/uploads/2022/09/header-image-4-temp.png" />
	<meta property="og:image:width" content="1274" />
	<meta property="og:image:height" content="818" />
	<meta property="og:image:type" content="image/png" />
<meta name="twitter:card" content="summary_large_image" />
<meta name="twitter:site" content="@teslafm" />
<meta name="twitter:label1" content="Est. reading time" />
	<meta name="twitter:data1" content="1 minute" />
<script type="application/ld+json" class="yoast-schema-graph">{"@context":"https:\/\/schema.org","@graph":[{"@type":"WebPage","@id":"https:\/\/teslafm.net\/maracalab-10\/","url":"https:\/\/teslafm.net\/maracalab-10\/","name":"MaracaLab #10 -","isPartOf":{"@id":"https:\/\/teslafm.net\/#website"},"datePublished":"2022-06-28T13:42:57+00:00","breadcrumb":{"@id":"https:\/\/teslafm.net\/maracalab-10\/#breadcrumb"},"inLanguage":"en-US","potentialAction":[{"@type":"ReadAction","target":["https:\/\/teslafm.net\/maracalab-10\/"]}]},{"@type":"BreadcrumbList","@id":"https:\/\/teslafm.net\/maracalab-10\/#breadcrumb","itemListElement":[{"@type":"ListItem","position":1,"name":"Portada","item":"https:\/\/teslafm.net\/"},{"@type":"ListItem","position":2,"name":"MaracaLab #10"}]},{"@type":"WebSite","@id":"https:\/\/teslafm.net\/#website","url":"https:\/\/teslafm.net\/","name":"TeslaFM","description":"An experimental and creative radio","publisher":{"@id":"https:\/\/teslafm.net\/#organization"},"potentialAction":[{"@type":"SearchAction","target":{"@type":"EntryPoint","urlTemplate":"https:\/\/teslafm.net\/?s={search_term_string}"},"query-input":{"@type":"PropertyValueSpecification","valueRequired":true,"valueName":"search_term_string"}}],"inLanguage":"en-US"},{"@type":"Organization","@id":"https:\/\/teslafm.net\/#organization","name":"TeslaFM","url":"https:\/\/teslafm.net\/","logo":{"@type":"ImageObject","inLanguage":"en-US","@id":"https:\/\/teslafm.net\/#\/schema\/logo\/image\/","url":"https:\/\/teslafm.net\/wp-content\/uploads\/2020\/06\/logo-tesla.png","contentUrl":"https:\/\/teslafm.net\/wp-content\/uploads\/2020\/06\/logo-tesla.png","width":512,"height":512,"caption":"TeslaFM"},"image":{"@id":"https:\/\/teslafm.net\/#\/schema\/logo\/image\/"},"sameAs":["https:\/\/www.facebook.com\/teslafm.net","https:\/\/x.com\/teslafm"]}]}</script>
<!-- / Yoast SEO plugin. -->

MaracaLab #10 Junio 2022 Ullal Fest, Festival de fotografía incisiva, tuvo lugar del 12 al 14 de mayo en Can Batlló. La propuesta desde Femart, de Ca la Dona, contó con la participación de 31 proyectos visuales y 28 colectivas como: Fils Feministes, Higo Mental, Stop Mare Mortum, Mal de Ojo, Primavera Gorda, Fotomovimiento, Tanquem [&hellip;]

MaracaLab #10 Junio 2022 Ullal Fest, Festival de fotografía incisiva, tuvo lugar del 12 al 14 de mayo en Can Batlló. La propuesta desde Femart, de Ca la Dona, contó con la participación de 31 proyectos visuales y 28 colectivas como: Fils Feministes, Higo Mental, Stop Mare Mortum, Mal de Ojo, Primavera Gorda, Fotomovimiento, Tanquem&hellip;
