

{"id":63642,"date":"2023-10-03T20:58:48","date_gmt":"2023-10-03T18:58:48","guid":{"rendered":"https:\/\/teslafm.net\/?page_id=63642"},"modified":"2023-10-31T15:59:13","modified_gmt":"2023-10-31T14:59:13","slug":"onda-ramera-2","status":"publish","type":"page","link":"https:\/\/teslafm.net\/en\/onda-ramera-2\/","title":{"rendered":"Onda Ramera #2"},"content":{"rendered":"<h2><span style=\"color: #ffffff;\"><strong>Onda Ramera #2<\/strong><\/span><\/h2>\n<p><span style=\"color: #808080;\"><em>October 2, 2023<\/em><\/span><\/p>\n<p><iframe src=\"https:\/\/player-widget.mixcloud.com\/widget\/iframe\/?hide_cover=1&amp;feed=%2FTeslafm_net%2Fonda-ramera-2-mar-phonoll%2F\" width=\"100%\" height=\"120\" frameborder=\"0\"><\/iframe><\/p>\n<p><span style=\"color: #808080;\">This program is a walk of sonic interrelationships between light and darkness, between life and death, between sound and silence, inspired by the autumnal equinox and the October eclipses.<\/span><\/p>\n<p><span style=\"color: #808080;\">01. The mourners told by <strong>Angeles Varas<\/strong> at <em>Baltan\u00e1s<\/em> for the Archive of Oral Tradition (Ethnographic Museum of Castilla y Le\u00f3n, 2002).<\/span><br \/>\n<span style=\"color: #808080;\">02. Whale song (Oceania Project, 2008)<\/span><br \/>\n<span style=\"color: #808080;\">03. <strong>Robertina Sebjanic<\/strong>, <strong>Aquatocene<\/strong> - Subaquatic Quest For Serenity (self-published, 2016).<\/span><br \/>\n<span style=\"color: #808080;\">04. <strong>Takashi Kokubo<\/strong>, <strong>Memory of Summer<\/strong> and <strong>Distant Blue Star<\/strong> in Oasis of The Wind II - A Story of Forest and Water (Studio Ion, 1993)<\/span><br \/>\n<span style=\"color: #808080;\">05. <strong>Alnoor Ladha<\/strong> and <strong>Sophie Strand<\/strong> in Deschooling Dialogues Podcast (Kosmos Journal\/Culture Hack Labs, 2023)<\/span><br \/>\n<span style=\"color: #808080;\">06.<strong> David George Haskell<\/strong>, <strong>Origins<\/strong> + <strong>Endings<\/strong> in Listening Pasts - Listening Futures (World Forum for Acoustic Ecology, 2023)<\/span><br \/>\n<span style=\"color: #808080;\">07. <strong>Viv Corringham<\/strong>, <strong>Town With Sea<\/strong> in Walking (Innova Recordings, 2013)<\/span><br \/>\n<span style=\"color: #808080;\">08. <strong>Frankie Avalon<\/strong> - Venus (Chancellor, 1959)<\/span><br \/>\n<span style=\"color: #808080;\">09. <strong>The Funz<\/strong>, <strong>Uranus<\/strong> in Ethereal Transects: The Lore of Celestial Objects (Folklore Tapes, 2019)<\/span><br \/>\n<span style=\"color: #808080;\">10. <strong>Alice Coltrane<\/strong> - Wisdom Eye and Spiritual Eternal in Eternity (Warner Bros, 1976).<\/span><br \/>\n<span style=\"color: #808080;\">11. <strong>Le Butcherettes<\/strong> - Wounds Belong To Me on Don't Bleed (Rise Records, 2020)<\/span><\/p>","protected":false},"excerpt":{"rendered":"<p>Onda Ramera #2 2 de Octubre 2023 Este programa es un paseo de interrelaciones s\u00f3nicas entre la luz y la oscuridad, entre la vida y la muerte, entre el sonido y el silencio, inspirado por el equinoccio de oto\u00f1o y los eclipses de octubre. 01. Las pla\u00f1ideras relatado por \u00c1ngeles Varas en Baltan\u00e1s para el [&hellip;]<\/p>\n","protected":false},"author":19,"featured_media":0,"parent":0,"menu_order":0,"comment_status":"closed","ping_status":"closed","template":"","meta":{"footnotes":""},"class_list":["post-63642","page","type-page","status-publish","hentry"],"yoast_head":"<!-- This site is optimized with the Yoast SEO plugin v27.4 - https:\/\/yoast.com\/product\/yoast-seo-wordpress\/ -->\n<title>Onda Ramera #2 -<\/title>\n<meta name=\"robots\" content=\"index, follow, max-snippet:-1, max-image-preview:large, max-video-preview:-1\" \/>\n<link rel=\"canonical\" href=\"https:\/\/teslafm.net\/en\/onda-ramera-2\/\" \/>\n<meta property=\"og:locale\" content=\"en_US\" \/>\n<meta property=\"og:type\" content=\"article\" \/>\n<meta property=\"og:title\" content=\"Onda Ramera #2 -\" \/>\n<meta property=\"og:description\" content=\"Onda Ramera #2 2 de Octubre 2023 Este programa es un paseo de interrelaciones s\u00f3nicas entre la luz y la oscuridad, entre la vida y la muerte, entre el sonido y el silencio, inspirado por el equinoccio de oto\u00f1o y los eclipses de octubre. 01. Las pla\u00f1ideras relatado por \u00c1ngeles Varas en Baltan\u00e1s para el [&hellip;]\" \/>\n<meta property=\"og:url\" content=\"https:\/\/teslafm.net\/en\/onda-ramera-2\/\" \/>\n<meta property=\"article:publisher\" content=\"https:\/\/www.facebook.com\/teslafm.net\" \/>\n<meta property=\"article:modified_time\" content=\"2023-10-31T14:59:13+00:00\" \/>\n<meta property=\"og:image\" content=\"https:\/\/teslafm.net\/wp-content\/uploads\/2022\/09\/header-image-4-temp.png\" \/>\n\t<meta property=\"og:image:width\" content=\"1274\" \/>\n\t<meta property=\"og:image:height\" content=\"818\" \/>\n\t<meta property=\"og:image:type\" content=\"image\/png\" \/>\n<meta name=\"twitter:card\" content=\"summary_large_image\" \/>\n<meta name=\"twitter:site\" content=\"@teslafm\" \/>\n<meta name=\"twitter:label1\" content=\"Est. reading time\" \/>\n\t<meta name=\"twitter:data1\" content=\"1 minute\" \/>\n<script type=\"application\/ld+json\" class=\"yoast-schema-graph\">{\"@context\":\"https:\\\/\\\/schema.org\",\"@graph\":[{\"@type\":\"WebPage\",\"@id\":\"https:\\\/\\\/teslafm.net\\\/onda-ramera-2\\\/\",\"url\":\"https:\\\/\\\/teslafm.net\\\/onda-ramera-2\\\/\",\"name\":\"Onda Ramera #2 -\",\"isPartOf\":{\"@id\":\"https:\\\/\\\/teslafm.net\\\/#website\"},\"datePublished\":\"2023-10-03T18:58:48+00:00\",\"dateModified\":\"2023-10-31T14:59:13+00:00\",\"breadcrumb\":{\"@id\":\"https:\\\/\\\/teslafm.net\\\/onda-ramera-2\\\/#breadcrumb\"},\"inLanguage\":\"en-US\",\"potentialAction\":[{\"@type\":\"ReadAction\",\"target\":[\"https:\\\/\\\/teslafm.net\\\/onda-ramera-2\\\/\"]}]},{\"@type\":\"BreadcrumbList\",\"@id\":\"https:\\\/\\\/teslafm.net\\\/onda-ramera-2\\\/#breadcrumb\",\"itemListElement\":[{\"@type\":\"ListItem\",\"position\":1,\"name\":\"Portada\",\"item\":\"https:\\\/\\\/teslafm.net\\\/\"},{\"@type\":\"ListItem\",\"position\":2,\"name\":\"Onda Ramera #2\"}]},{\"@type\":\"WebSite\",\"@id\":\"https:\\\/\\\/teslafm.net\\\/#website\",\"url\":\"https:\\\/\\\/teslafm.net\\\/\",\"name\":\"TeslaFM\",\"description\":\"An experimental and creative radio\",\"publisher\":{\"@id\":\"https:\\\/\\\/teslafm.net\\\/#organization\"},\"potentialAction\":[{\"@type\":\"SearchAction\",\"target\":{\"@type\":\"EntryPoint\",\"urlTemplate\":\"https:\\\/\\\/teslafm.net\\\/?s={search_term_string}\"},\"query-input\":{\"@type\":\"PropertyValueSpecification\",\"valueRequired\":true,\"valueName\":\"search_term_string\"}}],\"inLanguage\":\"en-US\"},{\"@type\":\"Organization\",\"@id\":\"https:\\\/\\\/teslafm.net\\\/#organization\",\"name\":\"TeslaFM\",\"url\":\"https:\\\/\\\/teslafm.net\\\/\",\"logo\":{\"@type\":\"ImageObject\",\"inLanguage\":\"en-US\",\"@id\":\"https:\\\/\\\/teslafm.net\\\/#\\\/schema\\\/logo\\\/image\\\/\",\"url\":\"https:\\\/\\\/teslafm.net\\\/wp-content\\\/uploads\\\/2020\\\/06\\\/logo-tesla.png\",\"contentUrl\":\"https:\\\/\\\/teslafm.net\\\/wp-content\\\/uploads\\\/2020\\\/06\\\/logo-tesla.png\",\"width\":512,\"height\":512,\"caption\":\"TeslaFM\"},\"image\":{\"@id\":\"https:\\\/\\\/teslafm.net\\\/#\\\/schema\\\/logo\\\/image\\\/\"},\"sameAs\":[\"https:\\\/\\\/www.facebook.com\\\/teslafm.net\",\"https:\\\/\\\/x.com\\\/teslafm\"]}]}<\/script>\n<!-- \/ Yoast SEO plugin. -->","yoast_head_json":{"title":"Ramera Wave #2 -","robots":{"index":"index","follow":"follow","max-snippet":"max-snippet:-1","max-image-preview":"max-image-preview:large","max-video-preview":"max-video-preview:-1"},"canonical":"https:\/\/teslafm.net\/en\/onda-ramera-2\/","og_locale":"en_US","og_type":"article","og_title":"Onda Ramera #2 -","og_description":"Onda Ramera #2 2 de Octubre 2023 Este programa es un paseo de interrelaciones s\u00f3nicas entre la luz y la oscuridad, entre la vida y la muerte, entre el sonido y el silencio, inspirado por el equinoccio de oto\u00f1o y los eclipses de octubre. 01. Las pla\u00f1ideras relatado por \u00c1ngeles Varas en Baltan\u00e1s para el [&hellip;]","og_url":"https:\/\/teslafm.net\/en\/onda-ramera-2\/","article_publisher":"https:\/\/www.facebook.com\/teslafm.net","article_modified_time":"2023-10-31T14:59:13+00:00","og_image":[{"width":1274,"height":818,"url":"https:\/\/teslafm.net\/wp-content\/uploads\/2022\/09\/header-image-4-temp.png","type":"image\/png"}],"twitter_card":"summary_large_image","twitter_site":"@teslafm","twitter_misc":{"Est. reading time":"1 minute"},"schema":{"@context":"https:\/\/schema.org","@graph":[{"@type":"WebPage","@id":"https:\/\/teslafm.net\/onda-ramera-2\/","url":"https:\/\/teslafm.net\/onda-ramera-2\/","name":"Ramera Wave #2 -","isPartOf":{"@id":"https:\/\/teslafm.net\/#website"},"datePublished":"2023-10-03T18:58:48+00:00","dateModified":"2023-10-31T14:59:13+00:00","breadcrumb":{"@id":"https:\/\/teslafm.net\/onda-ramera-2\/#breadcrumb"},"inLanguage":"en-US","potentialAction":[{"@type":"ReadAction","target":["https:\/\/teslafm.net\/onda-ramera-2\/"]}]},{"@type":"BreadcrumbList","@id":"https:\/\/teslafm.net\/onda-ramera-2\/#breadcrumb","itemListElement":[{"@type":"ListItem","position":1,"name":"Portada","item":"https:\/\/teslafm.net\/"},{"@type":"ListItem","position":2,"name":"Onda Ramera #2"}]},{"@type":"WebSite","@id":"https:\/\/teslafm.net\/#website","url":"https:\/\/teslafm.net\/","name":"TeslaFM","description":"An experimental and creative radio","publisher":{"@id":"https:\/\/teslafm.net\/#organization"},"potentialAction":[{"@type":"SearchAction","target":{"@type":"EntryPoint","urlTemplate":"https:\/\/teslafm.net\/?s={search_term_string}"},"query-input":{"@type":"PropertyValueSpecification","valueRequired":true,"valueName":"search_term_string"}}],"inLanguage":"en-US"},{"@type":"Organization","@id":"https:\/\/teslafm.net\/#organization","name":"TeslaFM","url":"https:\/\/teslafm.net\/","logo":{"@type":"ImageObject","inLanguage":"en-US","@id":"https:\/\/teslafm.net\/#\/schema\/logo\/image\/","url":"https:\/\/teslafm.net\/wp-content\/uploads\/2020\/06\/logo-tesla.png","contentUrl":"https:\/\/teslafm.net\/wp-content\/uploads\/2020\/06\/logo-tesla.png","width":512,"height":512,"caption":"TeslaFM"},"image":{"@id":"https:\/\/teslafm.net\/#\/schema\/logo\/image\/"},"sameAs":["https:\/\/www.facebook.com\/teslafm.net","https:\/\/x.com\/teslafm"]}]}},"rttpg_featured_image_url":null,"rttpg_author":{"display_name":"Ishak","author_link":"https:\/\/teslafm.net\/en\/author\/cravan\/"},"rttpg_comment":0,"rttpg_category":null,"rttpg_excerpt":"Onda Ramera #2 2 de Octubre 2023 Este programa es un paseo de interrelaciones s\u00f3nicas entre la luz y la oscuridad, entre la vida y la muerte, entre el sonido y el silencio, inspirado por el equinoccio de oto\u00f1o y los eclipses de octubre. 01. Las pla\u00f1ideras relatado por \u00c1ngeles Varas en Baltan\u00e1s para el&hellip;","_links":{"self":[{"href":"https:\/\/teslafm.net\/en\/wp-json\/wp\/v2\/pages\/63642","targetHints":{"allow":["GET"]}}],"collection":[{"href":"https:\/\/teslafm.net\/en\/wp-json\/wp\/v2\/pages"}],"about":[{"href":"https:\/\/teslafm.net\/en\/wp-json\/wp\/v2\/types\/page"}],"author":[{"embeddable":true,"href":"https:\/\/teslafm.net\/en\/wp-json\/wp\/v2\/users\/19"}],"replies":[{"embeddable":true,"href":"https:\/\/teslafm.net\/en\/wp-json\/wp\/v2\/comments?post=63642"}],"version-history":[{"count":2,"href":"https:\/\/teslafm.net\/en\/wp-json\/wp\/v2\/pages\/63642\/revisions"}],"predecessor-version":[{"id":63808,"href":"https:\/\/teslafm.net\/en\/wp-json\/wp\/v2\/pages\/63642\/revisions\/63808"}],"wp:attachment":[{"href":"https:\/\/teslafm.net\/en\/wp-json\/wp\/v2\/media?parent=63642"}],"curies":[{"name":"wp","href":"https:\/\/api.w.org\/{rel}","templated":true}]}}

<h2><span style="color: #ffffff;"><strong>Onda Ramera #2</strong></span></h2>
<p><span style="color: #808080;"><em>October 2, 2023</em></span></p>
<p><iframe src="https://player-widget.mixcloud.com/widget/iframe/?hide_cover=1&amp;feed=%2FTeslafm_net%2Fonda-ramera-2-mar-phonoll%2F" width="100%" height="120" frameborder="0"></iframe></p>
<p><span style="color: #808080;">This program is a walk of sonic interrelationships between light and darkness, between life and death, between sound and silence, inspired by the autumnal equinox and the October eclipses.</span></p>
<p><span style="color: #808080;">01. The mourners told by <strong>Angeles Varas</strong> at <em>Baltanás</em> for the Archive of Oral Tradition (Ethnographic Museum of Castilla y León, 2002).</span><br />
<span style="color: #808080;">02. Whale song (Oceania Project, 2008)</span><br />
<span style="color: #808080;">03. <strong>Robertina Sebjanic</strong>, <strong>Aquatocene</strong> - Subaquatic Quest For Serenity (self-published, 2016).</span><br />
<span style="color: #808080;">04. <strong>Takashi Kokubo</strong>, <strong>Memory of Summer</strong> and <strong>Distant Blue Star</strong> in Oasis of The Wind II - A Story of Forest and Water (Studio Ion, 1993)</span><br />
<span style="color: #808080;">05. <strong>Alnoor Ladha</strong> and <strong>Sophie Strand</strong> in Deschooling Dialogues Podcast (Kosmos Journal/Culture Hack Labs, 2023)</span><br />
<span style="color: #808080;">06.<strong> David George Haskell</strong>, <strong>Origins</strong> + <strong>Endings</strong> in Listening Pasts - Listening Futures (World Forum for Acoustic Ecology, 2023)</span><br />
<span style="color: #808080;">07. <strong>Viv Corringham</strong>, <strong>Town With Sea</strong> in Walking (Innova Recordings, 2013)</span><br />
<span style="color: #808080;">08. <strong>Frankie Avalon</strong> - Venus (Chancellor, 1959)</span><br />
<span style="color: #808080;">09. <strong>The Funz</strong>, <strong>Uranus</strong> in Ethereal Transects: The Lore of Celestial Objects (Folklore Tapes, 2019)</span><br />
<span style="color: #808080;">10. <strong>Alice Coltrane</strong> - Wisdom Eye and Spiritual Eternal in Eternity (Warner Bros, 1976).</span><br />
<span style="color: #808080;">11. <strong>Le Butcherettes</strong> - Wounds Belong To Me on Don't Bleed (Rise Records, 2020)</span></p>

<p>Onda Ramera #2 2 de Octubre 2023 Este programa es un paseo de interrelaciones sónicas entre la luz y la oscuridad, entre la vida y la muerte, entre el sonido y el silencio, inspirado por el equinoccio de otoño y los eclipses de octubre. 01. Las plañideras relatado por Ángeles Varas en Baltanás para el [&hellip;]</p>

<!-- This site is optimized with the Yoast SEO plugin v27.4 - https://yoast.com/product/yoast-seo-wordpress/ -->
<title>Onda Ramera #2 -</title>
<meta name="robots" content="index, follow, max-snippet:-1, max-image-preview:large, max-video-preview:-1" />
<link rel="canonical" href="https://teslafm.net/en/onda-ramera-2/" />
<meta property="og:locale" content="en_US" />
<meta property="og:type" content="article" />
<meta property="og:title" content="Onda Ramera #2 -" />
<meta property="og:description" content="Onda Ramera #2 2 de Octubre 2023 Este programa es un paseo de interrelaciones sónicas entre la luz y la oscuridad, entre la vida y la muerte, entre el sonido y el silencio, inspirado por el equinoccio de otoño y los eclipses de octubre. 01. Las plañideras relatado por Ángeles Varas en Baltanás para el [&hellip;]" />
<meta property="og:url" content="https://teslafm.net/en/onda-ramera-2/" />
<meta property="article:publisher" content="https://www.facebook.com/teslafm.net" />
<meta property="article:modified_time" content="2023-10-31T14:59:13+00:00" />
<meta property="og:image" content="https://teslafm.net/wp-content/uploads/2022/09/header-image-4-temp.png" />
	<meta property="og:image:width" content="1274" />
	<meta property="og:image:height" content="818" />
	<meta property="og:image:type" content="image/png" />
<meta name="twitter:card" content="summary_large_image" />
<meta name="twitter:site" content="@teslafm" />
<meta name="twitter:label1" content="Est. reading time" />
	<meta name="twitter:data1" content="1 minute" />
<script type="application/ld+json" class="yoast-schema-graph">{"@context":"https:\/\/schema.org","@graph":[{"@type":"WebPage","@id":"https:\/\/teslafm.net\/onda-ramera-2\/","url":"https:\/\/teslafm.net\/onda-ramera-2\/","name":"Onda Ramera #2 -","isPartOf":{"@id":"https:\/\/teslafm.net\/#website"},"datePublished":"2023-10-03T18:58:48+00:00","dateModified":"2023-10-31T14:59:13+00:00","breadcrumb":{"@id":"https:\/\/teslafm.net\/onda-ramera-2\/#breadcrumb"},"inLanguage":"en-US","potentialAction":[{"@type":"ReadAction","target":["https:\/\/teslafm.net\/onda-ramera-2\/"]}]},{"@type":"BreadcrumbList","@id":"https:\/\/teslafm.net\/onda-ramera-2\/#breadcrumb","itemListElement":[{"@type":"ListItem","position":1,"name":"Portada","item":"https:\/\/teslafm.net\/"},{"@type":"ListItem","position":2,"name":"Onda Ramera #2"}]},{"@type":"WebSite","@id":"https:\/\/teslafm.net\/#website","url":"https:\/\/teslafm.net\/","name":"TeslaFM","description":"An experimental and creative radio","publisher":{"@id":"https:\/\/teslafm.net\/#organization"},"potentialAction":[{"@type":"SearchAction","target":{"@type":"EntryPoint","urlTemplate":"https:\/\/teslafm.net\/?s={search_term_string}"},"query-input":{"@type":"PropertyValueSpecification","valueRequired":true,"valueName":"search_term_string"}}],"inLanguage":"en-US"},{"@type":"Organization","@id":"https:\/\/teslafm.net\/#organization","name":"TeslaFM","url":"https:\/\/teslafm.net\/","logo":{"@type":"ImageObject","inLanguage":"en-US","@id":"https:\/\/teslafm.net\/#\/schema\/logo\/image\/","url":"https:\/\/teslafm.net\/wp-content\/uploads\/2020\/06\/logo-tesla.png","contentUrl":"https:\/\/teslafm.net\/wp-content\/uploads\/2020\/06\/logo-tesla.png","width":512,"height":512,"caption":"TeslaFM"},"image":{"@id":"https:\/\/teslafm.net\/#\/schema\/logo\/image\/"},"sameAs":["https:\/\/www.facebook.com\/teslafm.net","https:\/\/x.com\/teslafm"]}]}</script>
<!-- / Yoast SEO plugin. -->

Onda Ramera #2 2 de Octubre 2023 Este programa es un paseo de interrelaciones sónicas entre la luz y la oscuridad, entre la vida y la muerte, entre el sonido y el silencio, inspirado por el equinoccio de otoño y los eclipses de octubre. 01. Las plañideras relatado por Ángeles Varas en Baltanás para el [&hellip;]

Onda Ramera #2 2 de Octubre 2023 Este programa es un paseo de interrelaciones sónicas entre la luz y la oscuridad, entre la vida y la muerte, entre el sonido y el silencio, inspirado por el equinoccio de otoño y los eclipses de octubre. 01. Las plañideras relatado por Ángeles Varas en Baltanás para el&hellip;
